thousands digit of 1207881355?
1
What is the ten millions digit of 44792325?
4
What is the units digit of 922689551?
1
What is the units digit of 61413518?
8
What is the units digit of 806616876?
6
What is the ten millions digit of 863534796?
6
What is the hundred thousands digit of 64057652?
0
What is the ten millions digit of 161409398?
6
What is the hundred millions digit of 274169510?
2
What is the millions digit of 46938122?
6
What is the tens digit of 32021311?
1
What is the ten thousands digit of 84070392?
7
What is the tens digit of 28600570?
7
What is the hundreds digit of 360407948?
9
What is the tens digit of 72901330?
3
What is the ten millions digit of 60437387?
6
What is the ten thousands digit of 74927033?
2
What is the tens digit of 48746305?
0
What is the billions digit of 1208931824?
1
What is the hundred millions digit of 220230263?
2
What is the hundred thousands digit of 1440956343?
9
What is the thousands digit of 330878484?
8
What is the hundred thousands digit of 722293494?
2
What is the tens digit of 391166675?
7
What is the ten thousands digit of 289433307?
3
What is the ten thousands digit of 181590950?
9
What is the millions digit of 103512643?
3
What is the tens digit of 3909755353?
5
What is the hundreds digit of 575368331?
3
What is the thousands digit of 110219910?
9
What is the millions digit of 523932288?
3
What is the millions digit of 345280421?
5
What is the hundred thousands digit of 418254351?
2
What is the tens digit of 728823545?
4
What is the units digit of 932142153?
3
What is the ten millions digit of 14894644?
1
What is the ten millions digit of 1929040464?
2
What is the millions digit of 36966985?
6
What is the hundred thousands digit of 2148528?
1
What is the units digit of 1148162112?
2
What is the ten millions digit of 30190623?
3
What is the hundred thousands digit of 2726095604?
0
What is the hundred millions digit of 379035505?
3
What is the units digit of 33734079?
9
What is the units digit of 1002208869?
9
What is the millions digit of 1630014162?
0
What is the units digit of 1170871940?
0
What is the hundred millions digit of 3845518898?
8
What is the hundred thousands digit of 66045315?
0
What is the hundred thousands digit of 3871955825?
9
What is the millions digit of 156848123?
6
What is the hundred thousands digit of 46253525?
2
What is the hundreds digit of 74726247?
2
What is the hundreds digit of 5362893?
8
What is the units digit of 232742708?
8
What is the units digit of 3660692230?
0
What is the ten thousands digit of 31347820?
4
What is the tens digit of 6916679?
7
What is the hundred millions digit of 432990684?
4
What is the millions digit of 563738235?
3
What is the millions digit of 12538994?
2
What is the units digit of 6393436394?
4
What is the thousands digit of 914853810?
3
What is the millions digit of 97192062?
7
What is the thousands digit of 433681733?
1
What is the hundreds digit of 9429385?
3
What is the thousands digit of 3272565885?
5
What is the hundred millions digit of 435493308?
4
What is the thousands digit of 199948136?
8
What is the ten thousands digit of 75861781?
6
What is the ten thousands digit of 3688882608?
8
What is the hundred millions digit of 1546957698?
5
What is the ten thousands digit of 561824630?
2
What is the ten thousands digit of 1957301144?
0
What is the hundred thousands digit of 46719959?
7
What is the ten millions digit of 181871429?
8
What is the millions digit of 25056000?
5
What is the thousands digit of 42814881?
4
What is the hundred thousands digit of 371925373?
9
What is the hundred thousands digit of 44937879?
9
What is the ten thousands digit of 906878910?
7
What is the ten thousands digit of 260526776?
2
What is the thousands digit of 1489502310?
2
What is the hundreds digit of 18007731?
7
What is the units digit of 1077784876?
6
What is the ten millions digit of 1483478398?
8
What is the ten millions digit of 258845120?
5
What is the thousands digit of 32758683?
8
What is the hundreds digit of 708393627?
6
What is the units digit of 372939042?
2
What is the hundred thousands digit of 468686582?
6
What is the ten thousands digit of 5205049419?
4
What is the units digit of 1366395953?
3
What is the billions digit of 2069979814?
2
What is the tens digit of 16926745?
4
What is the thousands digit of 466919317?
9
What is the ten millions digit of 4930699409?
3
What is the thousands digit of 47536226?
6
What is the tens digit of 1241537133?
3
What is the hundred thousands digit of 25174461?
1
What is the thousands digit of 42635517?
5
What is the units digit of 111348915?
5
What is the hundred thousands digit of 476211953?
2
What is the tens digit of 5390400356?
5
What is the hundred millions digit of 4075962836?
0
What is the millions digit of 529390347?
9
What is the thousands digit of 88106367?
6
What is the ten thousands digit of 985786775?
8
What is the hundred thousands digit of 141722995?
7
What is the hundred thousands digit of 67605661?
6
What is the ten thousands digit of 348360711?
6
What is the hundred millions digit of 786448934?
7
What is the thousands digit of 6299598?
9
What is the millions digit of 256049669?
6
What is the tens digit of 1356619752?
5
What is the hundred thousands digit of 1725409894?
4
What is the hundreds digit of 157507477?
4
What is the tens digit of 143407279?
7
What is the hundred thousands digit of 219820494?
8
What is the hundreds digit of 8897138?
1
What is the billions digit of 1162650765?
1
What is the hundred millions digit of 828092954?
8
What is the ten millions digit of 43268251?
4
What is the millions digit of 22664784?
2
What is the units digit of 256956624?
4
What is the ten millions digit of 372228553?
7
What is the thousands digit of 97629271?
9
What is the hundred millions digit of 781462422?
7
What is the units digit of 22195983?
3
What is the units digit of 17812027?
7
What is the tens digit of 1916554296?
9
What is the hundred millions digit of 1012752721?
0
What is the ten thousands digit of 79826623?
2
What is the thousands digit of 937891889?
1
What is the thousands digit of 21361639?
1
What is the millions digit of 36278363?
6
What is the millions digit of 1489111?
1
What is the hundred millions digit of 513282821?
5
What is the tens digit of 204783704?
0
What is the ten thousands digit of 3856872100?
7
What is the ten thousands digit of 398927509?
2
What is the ten thousands digit of 63078360?
7
What is the hundreds digit of 40268140?
1
What is the hundreds digit of 544253504?
5
What is the millions digit of 3248962261?
8
What is the hundred millions digit of 294896483?
2
What is the hundreds digit of 113454889?
8
What is the hundred thousands digit of 49949465?
9
What is the hundred thousands digit of 3164612266?
6
What is the units digit of 1287331094?
4
What is the hundred thousands digit of 4529739548?
7
What is the hundreds digit of 40399904?
9
What is the ten millions digit of 938837423?
3
What is the ten millions digit of 98452706?
9
What is the hundred millions digit of 5198401718?
1
What is the billions digit of 1463860363?
1
What is the hundreds digit of 513618946?
9
What is the tens digit of 125898838?
3
What is the units digit of 1451231466?
6
What is the tens digit of 392749923?
2
What is the tens digit of 44444068?
6
What is the units digit of 93269409?
9
What is the tens digit of 43986163?
6
What is the billions digit of 1576977356?
1
What is the millions digit of 2869938222?
9
What is the millions digit of 791778984?
1
What is the ten millions digit of 2808675945?
0
What is the tens digit of 176993445?
4
What is the hundreds digit of 313402378?
3
What is the hundred thousands digit of 99836690?
8
What is the ten thousands digit of 639254729?
5
What is the thousands digit of 3054756707?
6
What is the units digit of 791650988?
8
What is the thousands digit of 60462471?
2
What is the millions digit of 180055065?
0
What is the thousands digit of 84104774?
4
What is the hundreds digit of 58738716?
7
What is the tens digit of 421818387?
8
What is the units digit of 3533785289?
9
What is the tens digit of 2700035948?
4
What is the hundred millions digit of 1032130368?
0
What is the ten millions digit of 2491050354?
9
What is the hundred millions digit of